units digit of -173*(-1)/((-2)/(-6)*b)?
3
Let r(o) be the first derivative of 5*o**3/3 - o**2 + 18*o - 3. Let s(d) = -4*d - 22. Let t be s(-4). What is the units digit of r(t)?
0
Let z be -23*(-5 - (-288)/8). Let y = -685 - z. What is the tens digit of y?
2
Let f = -40207 - -56850. What is the hundreds digit of f?
6
Suppose 21*u - 26*u + 6*i + 88614 = 0, 3*i = -12. What is the tens digit of u?
1
Let i(f) = 26*f**2 - 23*f - 800. What is the units digit of i(27)?
3
Let f(r) = -r**3 + 3*r**2 - 5*r - 19. Let n be f(-8). Suppose -3*t + 722 = 2*y - 0*y, 0 = -3*t - 5*y + n. What is the units digit of (-1 + -8 - 0)/((-18)/t)?
0
Let t = -2065 + 1287. Let s = t + 1185. What is the units digit of s?
7
Let u(d) = -d**3 + 6*d**2 + 2*d + 7. Suppose 20 = 8*f - 4*f. Let a be u(f). Suppose h = -2*c + 28, 2*h = 3*c + 4*h - a. What is the units digit of c?
4
Let k(y) = 1203*y + 721. What is the ten thousands digit of k(9)?
1
Suppose 5875 = 6*m - 2915. Suppose -31*i + m = -30*i. What is the thousands digit of i?
1
What is the thousands digit of 4 - 102/27 - 299692/(-36)?
8
Let x(b) = -2*b - 30. Let l be x(-15). Let y be 0 + -2 + l/(-17). Let h(r) = 4*r**2 - 7*r - 5. What is the units digit of h(y)?
5
Let l be 1/4*20 + 349. Let f = l + -60. What is the units digit of f?
4
What is the hundreds digit of (-1*4)/((-256)/272768)?
2
Let a be (6 + (0 - 2))/1. Suppose 7*d - 122 - a = 0. Suppose 0 = d*h - 15*h - 585. What is the hundreds digit of h?
1
Suppose 4*c - 5 = -25, 5*o = -3*c + 990. Let v = 238 - o. What is the units digit of v?
7
Let x = -33 - -35. Suppose -171 = -x*m + 123. What is the units digit of m?
7
Let j(o) = o**2 + 7*o - 30. Let u be j(-10). Let d(x) = -5*x + 1028. What is the tens digit of d(u)?
2
Suppose 12*a = 35*a - 3427. Suppose -a - 109 = -c. What is the units digit of c?
8
Let k(r) = 13*r + 91. Let c be k(22). Let l = 15 + c. What is the tens digit of l?
9
Suppose 3*c + 109 = 4*w, -3*c = 4*w - 96 - 43. Let j(n) = 6*n - 125. What is the tens digit of j(w)?
6
Suppose -88*n - 649075 = -2119467. What is the tens digit of n?
0
Let f be 1/(-2) + 11/(-2). Let a(y) = 10*y**2 + 7*y + 12. What is the units digit of a(f)?
0
Let v = -11492 + 21806. What is the ten thousands digit of v?
1
Let d be (-200)/(-24)*(-18)/(-10). What is the units digit of (4 - 65/d)/(1/(-477))?
9
Let l(o) = 9*o**3 + o**2 + 9*o + 17. Let b be l(5). Suppose -10*m + b = 412. What is the units digit of m?
0
Let z(g) = -5*g**3 + 2*g**2 + 3*g + 1. Let i be z(-1). Suppose -2*q - 10 = 2*p + 18, -73 = i*q + 4*p. Let j(s) = -4*s - 4. What is the tens digit of j(q)?
6
Suppose -q + 9949 = 5*o - 3305, 0 = -3*o + 3*q + 7956. What is the tens digit of o?
5
Let c(a) = a**2 - 6*a + 42. Let h be c(7). Suppose -h*w - 1465 = -54*w. What is the units digit of w?
3
Let u(l) = -13*l**2 + 15*l - 61. Let f be u(8). Let j = -444 - f. What is the units digit of j?
9
Suppose -24*q + 169487 + 291937 = 0. What is the ten thousands digit of q?
1
Suppose -51*n + 128919 = -2*n. What is the thousands digit of n?
2
Let x(r) be the second derivative of 3*r**5/40 - r**4/2 + 25*r**3/6 + 14*r. Let h(b) be the second derivative of x(b). What is the units digit of h(20)?
8
Let s = -28600 - -41635. What is the units digit of s?
5
Let a(d) be the third derivative of -1/3*d**4 + 0*d + 0 + 5/6*d**3 + 9*d**2. What is the units digit of a(-6)?
3
Suppose 5*g - 17*g = -36. Suppose -94 = -h - 3*v, 4*v + 312 = g*h + h. Suppose 0 = c - 51 - h. What is the units digit of c?
3
Suppose 2*j - 2*k - 31708 = 0, -76*k = -73*k - 12. Suppose 0 = -47*u + j + 11684. What is the tens digit of u?
8
Let q be 40/6*(45 - -9). Let r = -204 + q. Suppose 4*u = -4*y + 288, 4*y + r = 2*u - 0*y. What is the tens digit of u?
7
What is the hundreds digit of 22/((-264)/84028)*-3?
0
Suppose -3*q = -2*x + 836 - 23882, 4*q - 30756 = -2*x. What is the tens digit of q?
8
Let x = -12836 + 13387. What is the hundreds digit of x?
5
Let z be 48/6 - 12/2. Suppose 0 = 5*a - 3*c - 252, -a - 3*c + z*c + 52 = 0. What is the tens digit of a?
5
Let i(b) = b**3 - 37*b**2 + 73*b - 88. Let v = -478 - -514. What is the hundreds digit of i(v)?
2
Let x be (-80)/280 - 4/(-14). Let s = -28 + 58. Let g = s - x. What is the units digit of g?
0
Let v(p) = 579*p**3 + 24*p**2 - 5*p - 28. What is the thousands digit of v(4)?
7
Let n(x) = -496*x + 175. What is the hundreds digit of n(-6)?
1
Let s = 6454 - -4211. What is the hundreds digit of s?
6
Let a = 79 + -49. Suppose 0 = -a*z + 32*z + 6. Let c(y) = 11*y**2 + 2*y - 6. What is the tens digit of c(z)?
8
Suppose -307 = 3*w - 340. Let n(a) = -4*a**3 + 44*a**2 + 21*a + 6. What is the tens digit of n(w)?
3
Suppose -j - 27 = s + 2, 4*j + 118 = -2*s. Let p be (-8 + 2)/(3/(-22)). Let o = p + j. What is the tens digit of o?
1
Let b be 0/3 + (-6 - -378). Suppose 0 = 2*w + 2*s - b, -6*w + 372 = -4*w - 3*s. Suppose -w = -i - i. What is the units digit of i?
3
Suppose 46*g = 50*g - 27872. What is the hundreds digit of g?
9
Let v(t) = -7830*t + 89. What is the thousands digit of v(-1)?
7
What is the units digit of -1 - (-1805 + 91/7)?
1
Suppose -39 = -5*z + 3*a, -2*a = -83*z + 81*z + 14. Suppose 4*p - 2*f - f - 12 = 0, 0 = 3*p + 4*f - 34. Suppose -p*r - 366 = -z*r. What is the tens digit of r?
2
Suppose 235770 = 146*t - 1547182. What is the ten thousands digit of t?
1
Let j(k) = -4*k - 103. Let r be j(-27). Suppose -r*i - 1148 = -3*b, 6*b + 2*i - 1522 = 2*b. What is the hundreds digit of b?
3
Suppose 2*m - 312 = 3*f + 5153, 5*m - 13679 = 2*f. What is the tens digit of m?
3
Suppose 178*l + 1797 = 181*l. Let b = l - 394. What is the tens digit of b?
0
Suppose l = 3*y - 8, 2*y - 3*l + 16 = 3*y. Let i be (54/(-15))/(y/(-170)). What is the hundreds digit of (3 - 1)/((-456)/i - -3)?
1
Suppose 2*z + 3*f = 90 + 268, 4*f = -5*z + 881. Suppose 12*r + 7 = -z. What is the units digit of ((-4)/6 - (-5)/r) + 151?
0
Suppose -72 = k + 61. Let a(g) = 93*g - 269. Let r be a(5). Let x = r + k. What is the units digit of x?
3
Suppose 0 = -5*b + 3*m, -2*b - m = -3*m. Suppose 46*u - 3735 - 1095 = b. What is the tens digit of u?
0
Let z = -27 - -193. Let f = -173 - -119. Let d = f + z. What is the units digit of d?
2
Let n(z) = 9*z + 2 - 3*z**3 + 6*z - 13*z. Let y be n(-1). Suppose 7*c - y*c - 692 = 0. What is the hundreds digit of c?
1
Suppose -p + f + 42151 = 0, 3*p + 468*f - 126453 = 467*f. What is the tens digit of p?
5
Let v = 395 + -387. Suppose -v*l = 2*l - 2540. What is the units digit of l?
4
Suppose -2*h - 4*n = 1102, 10*h - 15*h - 2763 = 2*n. Let s = 1379 + h. What is the hundreds digit of s?
8
Suppose -5406 = -3*k - 2*x + x, -4*x = 4*k - 7208. Suppose 6*p - 2*b = 2*p + k, -3*p + 4*b + 1339 = 0. What is the tens digit of p?
5
Let w = -9388 + 20242. What is the tens digit of w?
5
Suppose 0 = -5*x - 4*b + 9300, 0 = -x - 3*x + b + 7461. What is the hundreds digit of (x/(-10))/(68/(-510))?
3
Suppose 36*x = 40*x - 480. Let g = x - -71. Let k = g + -112. What is the units digit of k?
9
Suppose 2*x = o - 4 + 31, 9 = x - 5*o. Suppose g - 142 = j, 0 = -4*g - 17*j + x*j + 533. What is the tens digit of g?
3
Let t be 32/6 + (-80)/(-120). What is the tens digit of t + 30 + 1 + 2?
3
Suppose 5017*b = 5041*b - 533664. What is the hundreds digit of b?
2
Suppose 20 = 4*p, 0 = 2*n + 3*n + 5*p - 570. Suppose n*g = 106*g - 2589. Let h = -614 - g. What is the tens digit of h?
4
Suppose 29*w = 43670 + 27206. What is the tens digit of w?
4
Let k(n) = -6*n + 3. Suppose -2*t + 12 = 2*u, -2*u + 3*t = 2*u + 11. Let f be k(u). Let z(p) = p**2 + 4*p + 9. What is the units digit of z(f)?
6
Suppose -30 = -12*w + 6. Suppose 3*o - 3*c - 3498 = 0, o - 1182 = w*c + 2*c. What is the tens digit of o?
6
Let a be 18/4*(0 + -4). Let h(c) = 0*c**2 - 2*c**3 + 73*c - 6*c**3 + 19*c**2 + 18 + 9*c**3 - 60*c. What is the tens digit of h(a)?
0
Let f(r) = -2*r - 20. Suppose -4*u - 16 = 2*n, 12*n - 14*n = 3*u + 16. Let h be f(n). What is the tens digit of (-5994)/24*-1 - 1/h?
5
Let b = 1543 - 882. Suppose 4*n + b = -139. Let u = -120 - n. What is the tens digit of u?
8
Suppose 4*g - 27092 = -4*a, 5*g + 7816 - 34912 = -4*a. What is the thousands digit of a?
6
Let f = 345 + -347. What is the tens digit of (300/f)/(-4 + 212/56)?
0
Let b = -31578 + 53506. What is the hundreds digit of b?
9
Let d = -10 - -15. 